5
Let l = -1780 - -3678. What is the greatest common factor of 143 and l?
13
Let f(i) = -i**3 - 6*i**2 + 5*i + 52. Let n be f(-5). Let z be 5*(n - (-4 + -6))/3. Calculate the highest common divisor of 8 and z.
4
Suppose 2*v + 3*f - 82 = 0, 76 = 30*v - 28*v + 2*f. Let q be (-315)/(-6)*(-8)/3. Let n = -92 - q. Calculate the highest common factor of n and v.
16
Let c(f) = -f**3 + 5*f**2 + 10*f. Let h be c(-5). Let l(x) = 41*x - 16. Let v be l(1). Calculate the highest common factor of h and v.
25
Suppose -5130 = 5*s - m - 15071, 2*s - 3971 = -5*m. Calculate the greatest common factor of s and 28.
28
Let f be 42*((145/870)/(2/54) + (-2 - 1)). Let h be 1/(-1) + (74 - 1). What is the greatest common divisor of h and f?
9
Suppose -2*k + 52 = 2*z, 0 = -3*z + k + 39 + 67. Calculate the greatest common divisor of z and 3443.
11
Suppose -4*y + 3*l + 29127 = 0, 0 = -2*y + 39*l - 43*l + 14602. What is the highest common divisor of y and 3?
3
Let s be 867*(5/15)/(-1). Let d = 361 + s. Calculate the highest common divisor of d and 18.
18
Let l = 156 - 156. Suppose l = 408*d - 410*d + 42. What is the highest common divisor of 6 and d?
3
Let o be ((-375)/35 - -5)*(-21)/2. What is the highest common divisor of o and 45?
15
Let w = -9 + 71. Suppose 0 = -s + 8*s - 14. What is the greatest common factor of w and s?
2
Let t be 2/(-18) - 7/126*-2. Suppose v - 3 = 0, 0 = 2*z - t*z - 5*v - 193. Calculate the highest common divisor of z and 234.
26
Let x be 4/(-21 + 9) - 602/(-6). What is the greatest common factor of x and 1850?
50
Suppose -17348*l = -17344*l - 1716. Let d = -28 + 67. What is the highest common factor of d and l?
39
Let s = -15 + 12. Let a(v) = v + 2. Let f be a(s). Let r be -1 - f - (0 - -1) - -46. What is the highest common divisor of r and 5?
5
Let b be 24/40*(-125)/(-15). Suppose b*v - 570 = -5*u, 9*u = 5*u - 2*v + 450. What is the highest common factor of u and 148?
37
Suppose c + 552 = -5*l + 2974, 2*l - 2*c - 988 = 0. Calculate the highest common divisor of 432 and l.
54
Let m(a) = 100*a**2 - 2*a - 2. Let t be m(-1). Suppose 0 = -o - 4*o, o = -2*j + t. Calculate the greatest common factor of j and 550.
50
Suppose -5*u = -8*u + 108. Let s be ((10/(-20))/((-2)/(-4)))/1. Let y be s/12 - (-2499)/612. What is the greatest common divisor of u and y?
4
Let n(p) = p**3 + 8*p**2 + 6*p + 9. Let u be n(-7). Suppose -4*g + d = -3, -16 = -228*g + 225*g - 2*d. What is the greatest common divisor of u and g?
2
Suppose -3 = 5*o + 2. Let z be (24/20*o)/(2/(-145)). Suppose -82*q - 80 = -z*q. Calculate the highest common factor of q and 32.
16
Suppose -274 - 56 = -5*w. Suppose 50*d + 45*d + 4*d = 2970. What is the highest common divisor of d and w?
6
Let b(g) = 5688*g + 62608. Let u be b(-11). Suppose -q + 5*q + 20 = 0. Let o = q + 15. Calculate the greatest common divisor of o and u.
10
Let f = 2782 - 2342. Calculate the greatest common factor of f and 704.
88
Let a be 8/(-204)*-3 + (-1524)/(-51). Suppose 0*m + 5*c = 3*m + 20, 0 = -m + 3*c - 12. Suppose v - 8 - 97 = m. What is the greatest common divisor of a and v?
15
Let c be (-4)/(-84) - 69245/(-1155). Let k be 12/(-5)*(-6 - -1). What is the highest common factor of c and k?
12
Let o(f) = -136*f - 1076. Let i be o(-8). Let n be (120/(-25))/((-4)/90). What is the highest common factor of i and n?
12
Suppose 0 = 2*b - 4*k - 37 + 9, 0 = -3*b - 3*k + 78. Let y be -15 + 2 + -2 + 2. Let z be (0 + -7)*286/y. What is the highest common factor of b and z?
22
Suppose 16 = b + 22, 7 = 5*x + 3*b. Calculate the greatest common factor of x and 640.
5
Suppose 3*g + 41 = -2*j + 154, -5*g - 5*j = -185. Suppose 44*t - g*t = 75. Suppose 2*n = -a + 29, 0 = 5*a - t. Calculate the greatest common factor of n and 39.
13
Suppose 91*w + 27 = 92*w + s, -110 = -4*w - 2*s. Calculate the highest common divisor of 62 and w.
2
Suppose 0 = i - 5*r - 38 - 67, 2*i = r + 129. What is the highest common divisor of 2560 and i?
20
Let y(w) = -w**2 + 27*w + 39. Let f(r) = r**3 - 19*r**2 + 18*r + 28. Let m be f(18). Let p be y(m). Calculate the greatest common factor of 1 and p.
1
Let l = 40 - -350. Suppose -25*r + l = -23*r. Calculate the highest common factor of 15 and r.
15
Let w = 28542 - 27186. Calculate the greatest common factor of w and 52.
4
Let y(s) = -24*s**2 - s - 1. Let v be y(-1). Let g = 64 + v. Let h(k) = 2*k**2 - 4*k + 4. Let r be h(3). Calculate the greatest common factor of g and r.
10
Suppose d + 11 = -3. Let q be 14/3 - d/42. Let u = -34 + 49. Calculate the highest common factor of q and u.
5
Suppose 415 = v + 5*t, -1089*t + 1092*t - 1524 = -4*v. What is the greatest common factor of v and 45?
15
Let z = 83 + -79. Suppose 0*h = h + 5*v - 79, 3*h - z*v = 256. Calculate the greatest common factor of 21 and h.
21
Let r = 43 + -14. Suppose -21*t + r*t = 96. What is the highest common factor of 24 and t?
12
Let c(b) = b**3 + b + 1. Let z be c(2). Suppose 27*f - 450 = 30*f. Let n = f - -227. What is the highest common divisor of z and n?
11
Suppose -u = 67*u - 9180. What is the greatest common divisor of 1593 and u?
27
Let l be (-22)/(-22)*(-1 + 15 + 0). Let x = 117 + 100. What is the greatest common factor of l and x?
7
Let t(u) = u**2 + 6*u - 2. Let n be t(-6). Let s be n/(-1*(-2)/(-36)). Let r = 21454 + -21450. Calculate the highest common divisor of r and s.
4
Let q be (-1*2)/(-2) + 0. Suppose 7 = -2*x - 21*l + 26*l, 4*x + 2*l - 46 = 0. Suppose 39*p - 30 = x. Calculate the greatest common factor of p and q.
1
Let u = 97 + -55. Let d be (-3 - (4 + 6)) + 4. Let s(z) = 3*z + 55. Let q be s(d). What is the highest common factor of q and u?
14
Let a(j) = -15*j + 41 - 6*j + 18*j. Let y be a(12). Suppose 2*s = -5*f + y + 28, 3*s - 4*f = -8. Calculate the greatest common factor of 32 and s.
4
Let r be 0*(6/36)/1. Let a(q) = 6*q + 90. Let c be a(r). What is the greatest common factor of c and 75?
15
Let o be 329/14 + (-15)/10 + -9. Suppose -q - 4*c + 84 = 0, 2*c = 3*q - 297 - 25. Calculate the greatest common divisor of q and o.
13
Let c be (-1)/(-4 - 1173/(-294)). Let m be (76/(-40))/((-16)/20) + 12/(-32). What is the greatest common factor of c and m?
2
Let m(s) = -2*s**3 + 72*s**2 + 75*s - 26. Let o be m(37). What is the greatest common factor of 23628 and o?
11
Suppose -4*g + 242 = 5*r, 2*r - 116 = g - 5*g. Let f be 8/(-4) + (-100)/(-1). What is the greatest common divisor of f and r?
14
Let x(g) = 7*g**2 - 27*g - 77. Let o be x(-4). Calculate the greatest common divisor of 13 and o.
13
Suppose 0 = 6*b + 3*p - 8175, 3*b - 1904*p + 1905*p = 4090. Calculate the highest common factor of 595 and b.
35
Let o(q) = -q**3 + 22*q**2 - 42*q + 50. Let c be o(20). Suppose -70 = -c*y - 50. What is the highest common divisor of 7 and y?
1
Suppose -2*a + 38 = 4*b, -5*b - 5*a + 4*a + 52 = 0. Suppose 0 = -12*d + 1505 - 449. What is the greatest common factor of d and b?
11
Suppose -50*c + 124200 = 37000. Calculate the highest common divisor of 48 and c.
16
Let g = -156 + 155. Let a(i) = 17*i**2 - 4*i - 3. Let b be a(g). Calculate the highest common factor of b and 126.
18
Let i(j) = 5*j**2 - 7*j + 9. Let l be i(5). Let c be (-9)/5 - 12/60. Let d be c/4*5/(20/(-72)). What is the highest common divisor of l and d?
9
Let m be -6 - 465/(-62) - (-358)/4. Calculate the highest common factor of 21567 and m.
91
Let c = 51 + -4. Let x = c + -48. Let r be (-65)/x + 2 + 1 + -4. Calculate the greatest common factor of 160 and r.
32
Let v = -3851 + 6903. What is the highest common factor of 112 and v?
28
Let w = -379 + 386. Let v be 3/w + (-18080)/(-35). What is the highest common divisor of 11 and v?
11
Let b be 4 - (-2 - 335 - 1). Let z(j) = -340 + 3*j + b + 2*j - j. Let y be z(2). What is the highest common divisor of 70 and y?
10
Let b = 3154 + -2142. Calculate the greatest common factor of b and 308.
44
Let j(w) = 47*w**2 + 9*w - 13. Let z be j(2). Let h = z + -189. Calculate the highest common factor of 88 and h.
4
Let q = 7 - 22. Let j = -3 - q. Suppose -14*r + 8 = -j*r. What is the greatest common divisor of 48 and r?
4
Suppose 2*s - 3*v - 25437 = 0, 7*s - 11*s - 4*v = -50924. Calculate the greatest common divisor of s and 84.
42
Let c be (6/(-2))/(16*45/(-21120)). Calculate the highest common divisor of 4741 and c.
11
Suppose -5*c + 7*j + 171 = 8*j, 